 16*k + 9. What are the prime factors of o(h)?
7
Let j(k) = 26*k - 1. Let w be j(5). Suppose 0 = 16*a + 4 + 1100. Let x = w + a. List the prime factors of x.
2, 3, 5
Suppose -380 = -4*r + 2*r. What are the prime factors of ((-26)/52)/(1*(-1)/r)?
5, 19
Let o(p) = 3 - 2 + 1 + 3*p. Let a be o(5). Suppose 0 = -4*r + 145 - a. What are the prime factors of r?
2
Suppose 43 - 4 = c. Suppose r - 70 = c. What are the prime factors of r?
109
List the prime factors of 3703/13 - (-132)/858.
3, 5, 19
Suppose -d + 83 + 153 = 0. Suppose 0 = -0*l - l - 2*w + 77, w - d = -3*l. Let c = -49 + l. What are the prime factors of c?
2, 3, 5
Let p = -8 + 72. Suppose -23*o - 988 = -49*o. Let w = p - o. What are the prime factors of w?
2, 13
Suppose -3*q + 179 + 91 = 0. Suppose -2*w + 4*m + q = -62, 4*w + 5*m - 356 = 0. List the prime factors of w.
2, 3, 7
Let f(a) = -a**3 + 8*a**2 - 5*a - 4. Let m be f(7). Let q = m + 26. List the prime factors of q.
2, 3
Suppose -4*l = -q + 3*q - 258, 0 = 2*l - 5*q - 111. Suppose -l*y = -64*y + 22. List the prime factors of y.
2, 11
What are the prime factors of 270/38 - 7 - (-47154)/38?
17, 73
Let k(c) = 7*c + 15. Let z(n) = -n**3 + 14*n**2 - 14*n + 17. Let y be z(13). What are the prime factors of k(y)?
43
Suppose -36 = -3*j - j. Suppose j*f - 37 = 17. List the prime factors of f.
2, 3
Suppose 533 = i + 5*l, i = -3*i - 4*l + 2116. List the prime factors of i.
2, 3, 11
Let t = -108 + 118. What are the prime factors of 1761/9 + t/(-15)?
3, 5, 13
What are the prime factors of ((-12)/8)/(11/(-9834))?
3, 149
Let v(a) be the third derivative of a**5/15 + a**4/24 + a**3 - 4*a**2. List the prime factors of v(3).
3, 5
Let x = -254 + 572. List the prime factors of x.
2, 3, 53
Suppose 4*t + 16 = 0, 4*t - 7*t = 5*c + 12. What are the prime factors of (2/5)/(12/3540) + c?
2, 59
Let w be 280 + 3*(-4)/4. Suppose -w - 228 = -5*t. List the prime factors of t.
101
Let u(p) = 5*p**3 - 12*p - 6. List the prime factors of u(6).
2, 3, 167
Suppose 2*n = 25 + 59. Let x = n - 26. What are the prime factors of x?
2
Let m = 295 + 111. What are the prime factors of m?
2, 7, 29
Let h(s) = -4*s**3 + 6*s**2 + s + 11. What are the prime factors of h(-3)?
2, 5, 17
Suppose 16 = 3*d - 5. Let u(q) = q**3 - 7*q**2 + 2*q + 9. Let w be u(d). Let m = 33 - w. List the prime factors of m.
2, 5
Let b(d) = -d + 8. Let z(j) be the third derivative of -j**3/6 - 6*j**2. Let s(q) = -b(q) - 5*z(q). What are the prime factors of s(7)?
2
Let r be (3/((-30)/16))/((-46)/115). Suppose c - 1450 = -r*c. List the prime factors of c.
2, 5, 29
Suppose -10152 = -16*h + 10*h. List the prime factors of h.
2, 3, 47
Let m = 564 - 186. Suppose 0 = v + 5*v - m. List the prime factors of v.
3, 7
Suppose 0 = 30*n - 33945 + 6015. List the prime factors of n.
7, 19
Let r(k) = k**3 - 11*k**2 - 8*k + 12. Let u = 6 + 6. What are the prime factors of r(u)?
2, 3, 5
Let k(z) = -z**3 - 9*z**2 + 6*z + 12. Let j(p) = -p - 7. Let m be j(3). What are the prime factors of k(m)?
2, 13
Let o = 85 + 37. What are the prime factors of ((3 + o)/5)/1?
5
Suppose 462 + 711 = 3*j. List the prime factors of j.
17, 23
Let n = -37 + -13. Let a = 103 + n. List the prime factors of a.
53
Suppose 0 = -59*v + 62*v - 930. Suppose -5*y - 2*j - j = -v, y - 5*j = 34. List the prime factors of y.
59
Let y(x) = x**3 + 5*x**2 - 7*x - 4. Let t be y(-6). Suppose -t*f = 5*f - 651. List the prime factors of f.
3, 31
Suppose -4*o + 0*o + 4*z + 116 = 0, -4*z + 124 = 4*o. Suppose 96 = 7*m - o. List the prime factors of m.
2, 3
Let w be (24/9)/(-4)*(-873)/2. Let m = w - 207. What are the prime factors of m?
2, 3, 7
Let d(g) = 15*g - 2. Let a be d(-1). Let f = a - -17. Suppose t + 1 - 33 = f. List the prime factors of t.
2
Let j(o) = -2*o**3 + 5*o**2 - o - 3. Let c be j(4). Let f = c - -98. Suppose 0 = z - 4*z + 5*t + 109, z - 3*t = f. List the prime factors of z.
2, 7
Suppose 5*p - 307 = 153. Suppose -3*c + 85 + 71 = 0. Let r = p - c. List the prime factors of r.
2, 5
Suppose 2*b - 2*m = 6, -4*b = b + 2*m - 22. Let n be 54/b*(-4)/(-6). List the prime factors of (-2)/n - (-389)/9.
43
Let i be -141*2 + 9/3 + 0. Let u = -79 - i. What are the prime factors of u?
2, 5
Suppose w - 5*n = -90, 429 = -w - 3*w - 3*n. Let h = w + 40. Let v = h + 106. What are the prime factors of v?
41
Suppose 3*n - 39 = 3*f, -3*n - 2*n - f = -47. List the prime factors of n/20 + 350/4.
2, 11
Suppose 2*v - 93 = -v. Let p = v + -19. What are the prime factors of p/6 + (5 - 1)?
2, 3
Suppose -345 = -i - 2*u, 5*i = 4*u - 141 + 1894. What are the prime factors of i?
349
Let k(p) = 2*p**3 + 60*p**2 + 47*p + 15. List the prime factors of k(-27).
2, 3, 5, 13
Let x = 1 - -1. Let i = -691 + 556. What are the prime factors of i/(-20) - x/(-8)?
7
Suppose 0 = 10*n - 1214 - 6246. List the prime factors of n.
2, 373
Let f = -135 - -215. Suppose 4*v + 160 = 5*p + 5, 3*p - f = 5*v. List the prime factors of p.
5, 7
Let j(a) = 0*a**2 + 7*a + 7*a**2 - 5*a**2 - 12. Suppose -3*n = -3*t + 6, -t - 3*n + 14 = 2*n. What are the prime factors of j(t)?
2, 3
Suppose 3*d + 18 = 3*c + 3, c + d = -5. Let t(s) = 2*s + 21. Let w be t(-8). Suppose w*f = h + 75, -15 = -c*f - f + h. What are the prime factors of f?
3, 5
Let n = -34 + -56. Let r be 8/(-36) + 1094/(-18). Let w = r - n. What are the prime factors of w?
29
List the prime factors of 5/((-50)/3470)*-3.
3, 347
Let c(f) = -2*f + 20. Let y be c(9). Let h(p) = 7*p**2 - 2*p + 3. List the prime factors of h(y).
3
Suppose -5*w + 8 = -37. Let m = 2 - 3. Let t = w - m. What are the prime factors of t?
2, 5
Suppose 2*w - 16 = -2*w. Suppose 4*y - y + 422 = 5*b, w*b + 5*y - 345 = 0. Suppose -b = -5*m + 15. List the prime factors of m.
2, 5
Suppose -33*b + 35653 + 36287 = 0. List the prime factors of b.
2, 5, 109
Let k = -8 - -23. Suppose -k*o - 207 = -18*o. List the prime factors of o.
3, 23
Let a be (27/(-2))/((-15)/160) + 1. Suppose -l = -2*l + a. List the prime factors of l.
5, 29
Let i(j) be the second derivative of j**4/12 + 5*j**3/6 + j**2/2 - 4*j. Let n(x) = -x**2 + 7*x. Let g be n(8). What are the prime factors of i(g)?
5
Suppose 3*k + 2*k = 80. Suppose -4*y = -2*m - 2 + 6, -k = -m - 5*y. Suppose w = 2*w - m. List the prime factors of w.
2, 3
Suppose 2*s + 13 = q, 0*q + s = q - 8. Suppose -3*r + 3*f + 123 = 0, -q*f + 47 = r + 2*f. What are the prime factors of r?
2, 3, 7
Suppose 2*w + 2 = 0, -54*w - 229 = -2*m - 59*w. List the prime factors of m.
3, 13
Let x = 1125 - -83. List the prime factors of x.
2, 151
Let o(a) = -a**3 - 4*a**2 - 5*a + 15. List the prime factors of o(-9).
3, 5, 31
Let j = -463 + 515. What are the prime factors of j?
2, 13
Let t = -1949 - -3036. List the prime factors of t.
1087
Let k(m) = 0*m**2 - m**3 + 5*m - 11*m**2 + 6*m**2. What are the prime factors of k(-6)?
2, 3
Let p(y) = 2*y**2 - 11*y. Let u = -70 + 65. What are the prime factors of p(u)?
3, 5, 7
Let k(r) = 3*r**2 + r - 2. Let c be k(-2). Let l(a) = -4 - 3*a**2 - 4 + 2*a**2 + 11*a - 4. List the prime factors of l(c).
2, 3
Let x = 139 - 81. Let i(c) = -8*c + 73. Let t be i(9). What are the prime factors of t/(2/x)*1?
29
Suppose m - 38 = -0*m - 2*t, -2*m + 3*t + 62 = 0. Suppose 0 = 4*v - 4, -5*v = -0*g - 3*g + m. What are the prime factors of g?
13
Suppose 40*r = 22592 + 20608. List the prime factors of r.
2, 3, 5
Suppose 3*a - 2*t - 8 = 2*a, -3*t = 12. Suppose 10*g + 3*g - 2600 = a. What are the prime factors of g?
2, 5
Let s be 1110/66 - 2/(-11). Let m = 39 + s. List the prime factors of m.
2, 7
Let t = -18 + 23. Let p(q) = 3*q**3 - q**2 - q + 1. Let j be p(1). List the prime factors of (12/t)/(j/10).
2, 3
Let f be (2/5)/((-2)/(1 + -11)). List the prime factors of (f/(-5))/(((-66)/360)/11).
2, 3
Let y(i) = -2*i**3 - 2*i**2 - 7*i + 3. Let x be (-4)/(-3 - (-6 + 2)). What are the prime factors of y(x)?
127
Let b be (28/3 + -6)/(1/(-3)). Let v = 110 + b. List the prime factors of v.
2, 5
Let p be (-9)/6*(-24)/18. Suppose -m + 59 = r, -m - 2*r - p*r = -53. What are the prime factors of m?
61
Let b be ((-12)/14)/(4/196). What are the prime factors of (b/(-8))/(4 - (-250)/(-64))?
2, 7
What are the prime factors of (-9562)/(-4) - ((-30)/12 + 0)?
2393
Suppose -2*t = -5*z + t + 10, -3*z - 2*t + 6 = 0. Suppose 3*a - n - 14 = 0, z*n + 10 + 6 = 2*a. Suppose 49 + 35 = a*m. List t